se
Suppose -29*y = -30094874 - 18309046 - 27814721. Is y a composite number?
False
Let f = -96 - -110. Suppose 7984 = 2*o + f*o. Is o a composite number?
False
Suppose 373046 - 1804399 = -63*w + 605374. Is w a prime number?
False
Is 188*629 - (-1)/(-2)*(-26 - -16) a prime number?
False
Let i(p) = -p**2 + 15*p - 17. Let b be i(13). Let k = -15 + b. Is (-9366)/(-35)*(-15)/k prime?
False
Let b(t) be the third derivative of 39*t**4/8 - t**3/3 - t**2. Let j be 16 + -17 + (-5)/(5/(-2)). Is b(j) a composite number?
True
Let x(c) = 13*c**3 - 2*c**2 - c - 5. Let g be (-23)/(-5) - (-6)/(-10). Suppose -2*m + 4 = 3*r - 4, r - g = -m. Is x(m) composite?
True
Let r = 1347 - -677. Let k = r - -1549. Let l = k - 2422. Is l prime?
True
Let o = 61079 - 11716. Is o a prime number?
True
Let k(v) = v**3 - 13*v**2 + 10*v + 26. Let h be k(12). Suppose -h*t + 4666 = 1392. Is t a composite number?
False
Let n be (-2865)/(2 + -6 - -3). Is (-3 - 0)/(8 - n/357) prime?
False
Let i be (171/(-6))/((-9)/(-24)). Let w = i - -127. Is w a composite number?
True
Suppose -3*l - 48 = 2*p, 0 = -0*p - 4*p. Let u be (-13079)/(-4) - (4/l + 0). Suppose -8870 = -4*a + u. Is a a prime number?
False
Let t(k) = k**3 - 6*k**2 - 3*k - 5. Let a be (12/10)/((-3)/(-20)). Let v be t(a). Suppose 6 = -3*c + v. Is c prime?
True
Let t(l) = -180*l - 3. Suppose -3 - 1 = -4*v, -3*v - 13 = 4*q. Let c be t(q). Let k = c + -306. Is k a prime number?
False
Let k(f) = -5*f**3 + 9*f**2 - 35. Suppose -5*v = -v + 48. Is k(v) a composite number?
False
Let a = -2908 - -30519. Is a a composite number?
False
Suppose -2*l = 3*u - 12, -3*l + 22 - 7 = 3*u. Suppose 0 = l*i + 3*x - 28941, 7 - 27 = -5*x. Is i a composite number?
False
Let w be (-4 + 56/12)*6. Let c be w/(-22) - 896/(-88). Suppose 0 = -c*b + 15182 - 1192. Is b composite?
False
Let b(p) = -25*p**3 - 6*p**2 - 16*p - 2. Let m = 200 + -205. Is b(m) a composite number?
True
Let x be -5*((-975466)/40 - 3/(-12)). Is x/16 - 5/(-60)*3 composite?
False
Let y(s) = -4*s - 15. Let b be y(-5). Is 0 + 4 + 308 + b composite?
False
Let p be -2 - (-6 + 0 + 0). Let m(f) = -f**2 + 7*f - 7. Let q be m(p). Suppose 3*d - 1985 = 3*r - 719, -3*d - q*r = -1242. Is d a composite number?
False
Suppose 2*g - 30624 = 5*t, -58*t + 56*t = -5*g + 76539. Is g composite?
False
Let u(f) = -18751*f - 957. Is u(-4) a composite number?
False
Suppose -7 = -c, -5*d - 2*c + 1959309 + 1774980 = 0. Is d prime?
False
Suppose 62*q = -279*q + 28592782 + 7081615. Is q a prime number?
False
Let a(i) = 3*i + 21. Suppose -2*w = 76 - 62. Let b be a(w). Suppose b = 4*m + m - 3155. Is m a composite number?
False
Let k(m) = -1 - 6 - 38*m - 4 + 37*m. Let b be k(-16). Is b/(3/237 + 0) a prime number?
False
Suppose -65*u = -58*u + 28. Is (-74 - 0)*u - (-6 - -7) a prime number?
False
Is ((-6)/12)/((-23)/7273198) prime?
True
Let q(b) = b + 24. Let p be q(23). Let k = p - 44. Suppose k*g - 4770 = -4*x + g, 2*x = -2*g + 2384. Is x prime?
True
Let c = 6686 - 2813. Is c prime?
False
Let w(q) be the second derivative of -q**4/12 - 3*q**3 + 9*q**2/2 - 28*q. Let i be w(-18). Suppose -8*g = -i*g + 3017. Is g prime?
False
Suppose -v - 50*v - 146091 = -84*v. Is v a composite number?
True
Let w = 63 - 41. Suppose -16163 = w*a - 29*a. Is a a prime number?
True
Let q(f) = 681*f - 7. Let z be q(9). Is z*((-3)/6 + 1)*1 a composite number?
False
Let b = 53957 - -15630. Let j = b + -44164. Is j a composite number?
False
Let i = 246063 - -484384. Is i composite?
False
Let z(u) = -489*u + 119. Let w(m) = -m. Let c(g) = -3*w(g) + z(g). Is c(-30) composite?
False
Suppose -3*o + 15 = 2*r, 3*o + 0*o + 4*r = 15. Suppose 21 = 12*v - o*v. Suppose -v*f = -4*f + 2*b + 26, 5*f - 4*b = 130. Is f composite?
True
Suppose 20*s + 11*s = 386012. Let o = 21393 - s. Is o a prime number?
True
Suppose 0 = r - 2*c - 2*c - 339890, -5*r + 1699434 = -4*c. Suppose -r + 107528 = -14*g. Is g prime?
False
Let s be (6268/(-10))/(40/(-100)). Let y = s - 1008. Suppose -2224 = -4*r + 4*o, 6*r + 2*o = 5*r + y. Is r a composite number?
False
Let f(g) = 19350*g - 961. Is f(20) a composite number?
False
Let i = 284 + -292. Is (105/(-20) - 2/i) + 9034 a prime number?
True
Suppose 1733 + 355 = 9*l. Suppose 242*f - l*f = 42220. Is f prime?
False
Let y(k) be the third derivative of 141*k**5/10 + k**4/8 - k**3/6 - 55*k**2. Is y(2) a composite number?
False
Let a be (-31)/93 + (-2)/3. Is a/(-1)*(-335370)/(-30) a prime number?
False
Suppose -15 = 3*m - 6*t + 3*t, -3*t + 15 = m. Let g(l) = 2*l**3 - l**2 - 3*l + 218. Is g(m) a prime number?
False
Suppose -3*t = x - 95746, -2*x - 19913 = -2*t + 43931. Suppose 17*n - 14*n - t = 0. Is n a composite number?
False
Let k = -401464 - -1129725. Is k composite?
False
Let q be (-32)/(-48) + 2*5/(-6). Let t(r) be the second derivative of -671*r**5/4 - r**4/4 + r**3/2 + 2*r**2 + 4*r + 5. Is t(q) a composite number?
True
Let d(s) = s**3 + 6*s**2 + 3*s + 5. Let p be d(-5). Let y(w) = w**3 - 13*w**2 + 24*w + 17. Let t be y(p). Let v = -414 + t. Is v a prime number?
False
Suppose -2558*x = -2602*x + 6909716. Is x a prime number?
False
Let l = 5414 + -2222. Suppose d - 5*d = -5*b - 4283, 3*b = -3*d + l. Is d composite?
True
Let p(g) = g**2 + g - 20. Suppose -16*z - 5 = -5. Let q be p(z). Is (-2)/(-5) + (-27092)/q a prime number?
False
Let g(p) = 1578*p**2 - 18*p - 5. Let h be (99/(-2))/(-11) - 3/2. Is g(h) a prime number?
True
Suppose 6*s + 17523 = 3*s. Let o = -1520 - s. Is o a composite number?
True
Let b(x) be the first derivative of 431*x + 0*x**2 - 1/3*x**3 + 1/4*x**4 - 29. Is b(0) a composite number?
False
Let l = -43785 + 107230. Is l a prime number?
False
Let s(j) = -j**2 + 51*j - 178. Let k be s(46). Suppose 751 = -k*h + 53*h. Is h a composite number?
False
Let z(q) = 8*q**2 - q + 2. Let n be z(-1). Suppose -2*m - 86841 = -n*m. Is m composite?
False
Let w = 30691 - 12870. Is w composite?
True
Suppose 0*t - r + 17 = 5*t, -7 = 2*t + 5*r. Suppose 5*f + t*v - 16 = 0, 6*f - 3*f - 4 = -v. Suppose 159 = m + s, -2*s + 157 = m - f*s. Is m a prime number?
False
Let t be (30/(-4))/(325/(-130)). Suppose 5*w - 6050 = -5*b, -4*w + 2*b = -5*w + 1214. Suppose 5*f - 2*s = f + 1578, 0 = -t*f - 3*s + w. Is f prime?
True
Is 380754 + (-6)/(-8) + 5 + (-297)/44 composite?
False
Let a(m) = m**3 - 44*m**2 - 45*m + 34. Let v be a(45). Is ((-9406)/4)/(v/(-68)) a composite number?
False
Let n(c) = -3*c + 2429. Let t(i) = i**3 + 9*i**2 - 22*i - 18. Let f be t(-11). Let r = -18 - f. Is n(r) a prime number?
False
Suppose -27*s - 9989 = -42146. Let r = s - -4400. Is r a prime number?
True
Let d = -14600 - -28249. Is d composite?
False
Let u(l) = 2*l**2 - 2*l - 11. Let x be u(-6). Let o(y) = 1 - 7 + 25 + x*y + 2. Is o(20) composite?
False
Let v(f) = -f**3 - 6*f**2 - 10*f - 8. Let q be v(-4). Suppose q = -2*r - 3*c + c + 5512, -5510 = -2*r - 4*c. Is r prime?
False
Let a(d) = d**2 + 19*d + 6. Let f be a(-21). Suppose -16 + f = 8*q. Is 4763/q - ((-57)/(-12) + -5) prime?
False
Let l(x) = 1499*x**2 - 26*x + 54. Is l(-19) composite?
True
Suppose 0 = 14*c + 2*c - 6928. Let r = -200 + c. Is r composite?
False
Suppose 630*u + 772837 - 96799 = 636*u. Is u prime?
False
Let p = 248 - 246. Suppose -4*t - 2*u = -20930, p*t - 2186 = 5*u + 8261. Is t prime?
True
Let g(i) = -41446*i + 9669. Is g(-5) prime?
True
Let f(r) = -r**3 - 20*r**2 + 33*r - 4. Let u be f(-39). Let w = u + -7291. Is w a prime number?
False
Let w = -30 - -23. Let i(r) = -13*r + 0*r**3 - 11*r**2 - 10 - 7*r**3 + r**3 + 3*r**3. Is i(w) prime?
True
Let w(u) = 28*u - 165. Let x be w(6). Suppose 4*o + 14555 = x*j, 4*j = -3*o - o + 19416. Is j composite?
True
Suppose -2*w - 3006755 = -5*g, -89*g = -92*g + 4*w + 1804053. Is g a composite number?
True
Let b(k) = -194*k - 47. Let q = 703 - 715. Is b(q) composite?
False
Let c(i) = -9*i**3 + i**2 + i - 1. Let m be c(-1). Suppose -4*x + 85 = -3. Is -118*(x/m)/((-8)/16) prime?
False
Let g = 37 + -32. Suppose 0*w + 3*w - 5*c = -448, 3*w = -g*c - 398. Let v = w - -284. Is v a composite number?
True
Let k(h) = -h + 16. Let a be k(14). Suppose -p - 13260 = a*p. Let i = p - -7415. Is i a prime number?
False
Suppose 47*b - 1212 = 41*b. Suppose -b + 707 = 2*p + h, 0 = -5*p - h + 1258. Is p a composite number?
False
Let a = -14679 + 21008. Is a composite?
False
Let k be (-21)/6 